2890.
15
What is the greatest common factor of 11424 and 62118?
714
Calculate the greatest common factor of 13639 and 7709.
593
Calculate the highest common factor of 2159 and 578.
17
What is the greatest common divisor of 19224 and 432?
216
What is the highest common factor of 152172 and 108?
108
Calculate the highest common divisor of 165744 and 288.
144
What is the highest common factor of 355128 and 2?
2
Calculate the highest common factor of 221 and 138164.
13
What is the highest common factor of 25584 and 1296?
48
What is the greatest common factor of 78 and 367809?
39
What is the highest common divisor of 1632 and 14926?
34
What is the greatest common factor of 40083 and 343938?
1293
Calculate the highest common factor of 718 and 10.
2
What is the greatest common factor of 1875164 and 571?
571
What is the highest common factor of 93 and 7257255?
93
What is the highest common factor of 773122 and 1288?
322
What is the highest common divisor of 265 and 16218?
53
What is the greatest common factor of 2 and 160694?
2
What is the greatest common factor of 4968 and 113528?
184
Calculate the highest common factor of 6519 and 615.
123
What is the greatest common divisor of 316 and 904313?
79
What is the greatest common divisor of 215 and 452016?
43
What is the greatest common divisor of 85 and 667505?
85
Calculate the highest common factor of 1696 and 71338.
106
Calculate the highest common factor of 27092 and 104.
52
What is the greatest common factor of 224 and 250?
2
What is the greatest common factor of 32 and 282544?
16
What is the highest common factor of 45950 and 250?
50
What is the highest common factor of 269 and 64?
1
Calculate the greatest common divisor of 8 and 354964.
4
What is the greatest common divisor of 86483 and 1379?
197
What is the greatest common divisor of 6120 and 7004?
68
Calculate the highest common factor of 73963 and 74.
37
Calculate the highest common factor of 1095513 and 69.
69
Calculate the greatest common divisor of 90 and 1359.
9
Calculate the highest common factor of 12 and 122322.
6
What is the greatest common factor of 99136 and 48?
16
What is the greatest common divisor of 2316 and 177753?
579
What is the greatest common factor of 600264 and 1191?
1191
What is the greatest common divisor of 336893 and 261?
29
Calculate the greatest common divisor of 7098 and 210.
42
Calculate the greatest common factor of 1710 and 221985.
45
What is the greatest common divisor of 51935 and 442?
221
What is the greatest common factor of 567139 and 332?
83
Calculate the highest common factor of 28881 and 486.
9
What is the highest common factor of 50 and 64850?
50
Calculate the highest common divisor of 2089 and 25.
1
Calculate the greatest common divisor of 3035 and 25.
5
Calculate the highest common divisor of 12 and 432492.
12
What is the greatest common factor of 29 and 39005?
29
Calculate the greatest common factor of 5760 and 20.
20
What is the highest common factor of 39920 and 120?
40
Calculate the highest common divisor of 1 and 914803.
1
Calculate the greatest common factor of 536 and 17554.
134
What is the highest common divisor of 2009 and 5125?
41
What is the greatest common factor of 31120 and 24?
8
What is the highest common divisor of 444 and 481185?
111
Calculate the greatest common divisor of 1273 and 1742.
67
What is the greatest common divisor of 7990 and 19270?
470
What is the greatest common divisor of 6006 and 14322?
462
What is the highest common divisor of 1981999 and 172?
43
What is the highest common factor of 36289 and 55?
11
Calculate the highest common divisor of 4256 and 83657.
133
What is the highest common divisor of 462 and 51414?
66
What is the greatest common divisor of 102 and 37491?
3
Calculate the greatest common divisor of 5301 and 87552.
171
What is the greatest common divisor of 1729472 and 16?
16
Calculate the greatest common divisor of 165 and 15312.
33
Calculate the greatest common factor of 1887 and 548488.
629
What is the highest common factor of 21274174 and 1598?
1598
Calculate the highest common factor of 879747 and 12072.
1509
Calculate the highest common divisor of 784384 and 256.
256
Calculate the greatest common divisor of 94 and 185039.
47
What is the highest common divisor of 9836232 and 42?
42
What is the greatest common factor of 81821 and 102?
17
What is the greatest common factor of 21 and 6279?
21
What is the greatest common divisor of 120376 and 410?
82
What is the greatest common factor of 37177 and 18095?
329
What is the highest common divisor of 383300 and 25?
25
What is the greatest common factor of 21994 and 21?
7
Calculate the greatest common divisor of 147950 and 22.
22
What is the greatest common factor of 121257 and 423?
9
What is the greatest common divisor of 147100 and 100?
100
What is the highest common divisor of 998 and 1625742?
998
What is the greatest common factor of 48 and 13032?
24
What is the highest common factor of 7960 and 40?
40
What is the greatest common factor of 4450 and 1350?
50
What is the greatest common factor of 933560 and 40?
40
Calculate the highest common divisor of 808 and 766.
2
What is the highest common divisor of 8481624 and 24?
24
What is the greatest common factor of 1080 and 2213136?
216
What is the highest common factor of 282 and 8037?
141
What is the highest common divisor of 570624 and 1536?
768
Calculate the highest common divisor of 140 and 821772.
28
Calculate the greatest common divisor of 1377 and 544833.
459
Calculate the highest common factor of 403512 and 6072.
552
Calculate the highest common divisor of 2442 and 27841242.
2442
What is the highest common factor of 120 and 2430?
30
Calculate the greatest common factor of 62 and 483817.
31
What is the highest common factor of 2295 and 21675?
255
What is the highest common divisor of 162 and 824526?
54
What is the highest common divisor of 4388509 and 1388?
347
Calculate the greatest common divisor of 112 and 9656976.
112
Calculate the greatest common factor of 90 and 1230.
30
What is the highest common divisor of 1312 and 4576?
32
What is the highest common divisor of 60 and 245085?
15
What is the highest common factor of 1358 and 8386?
14
Calculate the greatest common factor of 2961 and 3807.
423
What is the highest common divisor of 23296 and 1053?
13
What is the highest common factor of 330 and 1920?
30
Calculate the highest common divisor of 9520 and 896.
112
What is the greatest common factor of 3330 and 66970?
370
What is the greatest common factor of 180 and 31824?
36
What is the greatest common divisor of 7 and 19019?
7
Calculate the highest common factor of 100 and 175650.
50
What is the greatest common divisor of 6426 and 141066?
306
What is the highest common divisor of 201 and 3436899?
201
What is the greatest common divisor of 1028852 and 10318?
1474
What is the greatest common factor of 2466 and 1746?
18
Calculate the greatest common divisor of 135 and 48447.
9
Calculate the greatest common factor of 6251 and 76.
19
What is the highest common factor of 14 and 2208619?
7
What is the highest common factor of 45 and 3040?
5
Calculate the highest common divisor of 78105 and 127.
127
Calculate the highest common factor of 10658 and 56940.
146
What is the highest common divisor of 4 and 89660?
4
What is the highest common divisor of 5720 and 5995?
55
What is the highest common factor of 243 and 39528?
81
What is the greatest common divisor of 65650 and 143420?
1010
What is the highest common divisor of 60016 and 35123?
341
Calculate the highest common divisor of 2762820 and 135.
45
What is the highest common factor of 32662 and 28?
14
Calculate the highest common factor of 700898 and 22.
22
What is the highest common divisor of 20559 and 33?
33
Calculate the highest common factor of 908336 and 132.
44
Calculate the greatest common divisor of 493 and 44341.
29
Calculate the highest common factor of 1305 and 3939795.
1305
What is the highest common divisor of 25235 and 34505?
515
What is the highest common factor of 39504 and 57?
3
What is the greatest common factor of 856416 and 12?
12
What is the highest common factor of 2295 and 305575?
85
Calculate the highest common divisor of 58093 and 91.
7
What is the highest common divisor of 90 and 108495